7645. Determine h(-39).
9
Let y(x) = 271*x**2 - 3538*x + 3422. Give y(12).
-10
Let l(y) = -29*y**2 - 10077*y - 5331. Determine l(-347).
-473
Let n(a) = -2*a**2 + 1536*a + 21244. Calculate n(-14).
-652
Let a(c) = 29*c**2 + 30*c + 446. Calculate a(-6).
1310
Let q(a) = -a**3 + 990*a**2 + 7189*a - 6142213. Calculate q(991).
5
Let x(j) = 1257*j + 4292. Determine x(-4).
-736
Let b(h) = -h**3 - 135*h**2 + 492*h + 10781. What is b(-138)?
17
Let h(v) = -v**3 + 44*v**2 - 86*v + 86. What is h(42)?
2
Let o(v) = -3*v**2 - 635*v + 205214. Give o(-388).
-38
Let k(d) = d**3 - 46*d**2 + 520*d + 248. Give k(23).
41
Let i(d) = -17*d**3 + 41*d**2 - 3*d - 61. Calculate i(7).
-3904
Let m(k) = -12637*k - 101179. Determine m(-8).
-83
Let o(n) = -4*n**3 + 19*n**2 + 26*n + 193. Give o(7).
-66
Let a(s) = 3*s**2 + 142*s + 792. What is a(-8)?
-152
Let t(b) = 88*b**2 - 1429*b - 998. What is t(17)?
141
Let q(u) = -17*u**3 + 11*u**2 - 29*u + 66. Determine q(3).
-381
Let w(b) = -b**3 - 174*b**2 - 1932*b + 1946. Determine w(-162).
2
Let i(h) = -82307*h + 411550. Give i(5).
15
Let d(k) = 187*k + 5089. Give d(-26).
227
Let o(m) = m**3 - 181*m**2 + 2161*m + 51. What is o(13)?
-248
Let y(a) = 212*a - 6254. Determine y(31).
318
Let a(j) = -j**3 + 217*j**2 + 400*j + 8239. Determine a(219).
-83
Let b(j) = 508570*j + 2034290. Give b(-4).
10
Let c(z) = 6*z**2 + 148*z + 214. Give c(-23).
-16
Let j(r) = 8126*r + 73144. Give j(-9).
10
Let i(m) = 60*m - 5331. Calculate i(94).
309
Let m(l) = l**3 - 10*l**2 + 3342*l + 43345. Determine m(-12).
73
Let l(f) = 233*f**2 + 1485*f + 1609. Determine l(-5).
9
Let m(n) = 80581*n - 322231. Determine m(4).
93
Let o(b) = -5*b**2 + 466*b - 2586. Calculate o(89).
-717
Let r(c) = 6241*c - 686563. What is r(110)?
-53
Let a(l) = 10*l**3 - 268*l**2 + 88*l + 371. Give a(26).
-2749
Let q(l) = -5*l**2 + 1820*l - 7245. Calculate q(4).
-45
Let m(q) = -10*q**2 + 1354*q - 24037. What is m(21)?
-13
Let r(a) = a**2 + 1745*a - 169007. What is r(92)?
-3
Let r(p) = 287*p + 186. What is r(-8)?
-2110
Let d(a) = -32*a**2 + 263*a + 208. What is d(9)?
-17
Let g(n) = 46449*n - 1532749. Give g(33).
68
Let c(v) = -v**3 - 24*v**2 + 23*v - 2. Determine c(-24).
-554
Let k(f) = f**3 + 1813*f**2 + 326867*f + 59558. Calculate k(-1610).
-12
Let d(o) = 53*o**2 - 221*o - 3231. Calculate d(-6).
3
Let c(t) = t**2 - 121*t + 968. What is c(8)?
64
Let q(c) = -1670*c + 93536. Give q(56).
16
Let g(v) = 14099*v - 296096. Give g(21).
-17
Let n(x) = -x**3 + 553*x**2 - 4878*x - 9802. Give n(544).
-10
Let n(y) = 836*y - 13035. Calculate n(14).
-1331
Let p(i) = -188*i**3 + 2065*i**2 - 81*i + 1258. Determine p(11).
4
Let q(t) = 3214*t - 16389. Calculate q(5).
-319
Let o(g) = -2133*g - 57221. Determine o(-27).
370
Let h(f) = f**3 + 46*f**2 + 500*f + 1582. Give h(-7).
-7
Let r(l) = 10*l**2 - 573*l - 5094. Give r(65).
-89
Let g(d) = 114*d**2 - 1802*d - 28. Give g(17).
2284
Let u(d) = 18*d**3 - 869*d**2 + 274*d - 1643. Determine u(48).
-11
Let x(y) = -y**3 + 917*y**2 + 14502*y + 397453. Determine x(933).
-5
Let p(y) = y**3 + 139*y**2 + 1877*y + 507. Give p(-124).
-1601
Let j(v) = -v**3 - 7*v**2 + 4328*v + 25962. What is j(-6)?
-42
Let c(w) = 15505*w + 310120. Calculate c(-20).
20
Let g(j) = -2*j**3 + 42*j**2 - 24*j + 554. What is g(21)?
50
Let z(f) = -2*f**2 + 220*f + 1891. What is z(118)?
3
Let g(v) = 19*v**2 - 654*v - 1946. Give g(-3).
187
Let s(h) = -84*h + 2385. Determine s(33).
-387
Let y(z) = z**2 - 698*z - 5529. Calculate y(-8).
119
Let p(r) = r**3 + 176*r**2 - 1430*r - 11418. Give p(-5).
7
Let a(z) = -z**3 - 20*z**2 + 9327*z + 150263. What is a(-16)?
7
Let j(x) = x**2 + 2110*x - 8437. What is j(4)?
19
Let q(i) = 87965*i - 879614. Determine q(10).
36
Let y(z) = -z**3 + 46*z**2 - 2*z + 117. Calculate y(46).
25
Let d(i) = -34*i**3 - 507*i**2 - 782*i - 12399. What is d(-15)?
6
Let u(s) = -22244*s - 67089. What is u(-3)?
-357
Let m(l) = 4518*l**2 - 90357*l - 45. What is m(20)?
15
Let f(g) = 700530*g + 2802152. Calculate f(-4).
32
Let a(z) = 85*z + 9869. Determine a(-109).
604
Let p(m) = -152*m + 2463. Determine p(15).
183
Let a(i) = 996*i + 205510. Determine a(-206).
334
Let n(i) = 59245*i - 592453. Give n(10).
-3
Let b(g) = g**3 + 9*g**2 - 713*g + 642. What is b(-32)?
-94
Let f(t) = 32*t**2 + 13807*t + 20220. What is f(-430)?
10
Let u(j) = 154*j - 24160. Give u(157).
18
Let k(q) = 3*q**2 - 12578*q - 1103889. Calculate k(-86).
7
Let y(m) = -2857*m + 41755. Calculate y(14).
1757
Let q(k) = -690*k**2 + 6906*k + 102. Give q(10).
162
Let g(d) = 3*d**3 + 89*d**2 + 135*d - 86. Give g(-28).
54
Let x(m) = m**3 - 14*m**2 + 10438*m - 20823. Give x(2).
5
Let q(w) = -1551*w + 107264. Determine q(69).
245
Let w(k) = 1703699*k + 5111104. Give w(-3).
7
Let w(d) = d**3 - 20*d**2 - 121*d + 1802. Give w(8).
66
Let n(k) = k**3 - 76*k**2 + 979*k - 81303. Determine n(77).
9
Let w(c) = -7*c**3 + 94*c**2 - 4*c - 10. Calculate w(0).
-10
Let v(u) = 5*u**3 + 136*u**2 + 100*u + 1645. What is v(-27)?
-326
Let i(x) = 8213*x + 98493. Determine i(-12).
-63
Let w(b) = -8434*b - 101473. Give w(-12).
-265
Let x(t) = 2*t**3 + 263*t**2 + 1130*t - 678. Determine x(-5).
-3
Let x(w) = -w**2 + 3235*w + 157691. Calculate x(-48).
107
Let y(m) = 4*m**2 - 146*m + 888. Determine y(47).
2862
Let a(c) = 3*c**2 - 5356*c + 79671. What is a(15)?
6
Let l(n) = -34*n**2 + 5658*n - 5649. What is l(1)?
-25
Let x(y) = -2*y**3 - 1040*y**2 + 4165*y - 14157. Give x(-524).
-9
Let k(r) = -4926*r - 177514. What is k(-36)?
-178
Let j(b) = 208*b + 68843. Give j(-331).
-5
Let o(g) = 2*g**3 + 170*g**2 - 1159*g - 6103. Determine o(-91).
-6
Let p(t) = 3866*t + 355698. Determine p(-92).
26
Let n(j) = 7414*j - 237242. Determine n(32).
6
Let u(d) = d**3 + 11*d**2 - 240*d - 2195. Calculate u(-17).
151
Let f(b) = 2600*b**2 + 122190*b - 473. Calculate f(-47).
-3
Let c(w) = -w**3 + 4*w**2 - 3*w - 121. What is c(0)?
-121
Let w(z) = -14*z + 1534. What is w(126)?
-230
Let g(y) = 4*y**2 + 155*y - 3463. Determine g(16).
41
Let y(j) = 15614*j + 1858061. What is y(-119)?
-5
Let w(b) = -b**2 - 4800*b - 86095. Determine w(-18).
-19
Let q(j) = -207*j + 5828. Calculate q(27).
239
Let q(b) = 5865*b + 475069. What is q(-81)?
4
Let m(j) = 1520*j - 26416. Give m(17).
-576
Let v(s) = -9*s**2 + 242*s + 8417. Give v(-20).
-23
Let n(w) = -7087*w - 680435. Calculate n(-96).
-83
Let o(j) = 36*j**2 + 1639*j + 11433. What is o(-7)?
1724
Let d(m) = m**2 - 56*m - 2582. Determine d(86).
-2
Let m(i) = 3*i**2 + 462*i + 9729. Give m(-129).
54
Let u(c) = 5*c**2 + 1012*c - 27175. Give u(24).
-7
Let v(n) = 3433*n + 72153. Calculate v(-21).
60
Let o(s) = s**2 + 11587*s + 1046149. What is o(-91)?
13
Let y(c) = 1220*c**3 - 70*c**2 + 69*c. Calculate y(1).
1219
Let g(p) = p**2 + 1117*p + 63294. What is g(-60)?
-126
Let u(i) = -2*i**2 - 151*i - 2418. What is u(-27)?
201
Let o(p) = 11603*p + 498996. Calculate o(-43).
67
Let v(f) = f**2 + 1631*f + 489937. Determine v(-397).
39
Let u(k) = -3*k**3 + 130*k**2 - 312*k + 804. Calculate u(41).
-221
Let l(n) = -38247*n + 18932267. What is l(495)?
2
Let l(g) = 1638*g + 997607. Give l(-609).
65
Let k(r) = r**2 - 45*r - 23128. What is k(178)?
546
Let p(h) = -h**3 - 168*h**2 + 523*h + 156. Calculate p(-171).
-1554
Let w(o) = 496*o + 210. Give w(-1).
-286
Let r(v) = -7*v**2 + 388*v + 665. Calculate r(57).
38
Let u(v) = -5*v**3 + 17*v**2 - 57*v + 339. Determine u(7).
-942
Let d(j) = -40803*j - 1142468. Determine d(-28).
16
Let b(w) = 9307*w + 37228. Calculate b(-4).
0
Let n(r) = 350227*r + 700425. Give n(-2).
-29
Let y(g) = g**3 - 32*g**2 + 151*g - 236. Determine y(26).
-366
Let y(h) = 14103*h + 352614. What is y(-25)?
39
Let r(x) = -4*x**2 + 36*x - 27. Give r(12).
-171
Let j(b) = 2*b**2 - 167*b + 356. What is j(77)?
-645
Let k(o) = -96*o**2 - 5194*o - 535. Determine k(-54).
5
Let h(n) = -27904*n + 418533. Determine h(15).
-27
Let a(d) = d**3 + 51*d**2 - 1170*d + 12. Determine a(-68).
964
Let r(c) = c**2 + 1163*c + 270286. Give r(-321).
4
Let a(d) = 278*d + 56383. What is a(-203)?
-51
Let f(i) = -2*i**3 - 11*i**2 - 649*i - 3089. What is f(-5)?
131
Let h(c) = 2250*c - 4517. What is h(2)?
-17
Let n(w) = -2*w**3 + 857*w**2 + 20291*w + 1841. Determine n(451).
37
Let m(l) = -1005*l - 9216. Determine m(-9).
-171
Let i(a) = 74*a**3 + 2*a**2 + 17*a - 8. Determine i(1).
85
Let u(a) 